 z is divided by g.
8
What is the remainder when 15/((-52)/(-51) - (-6 - -23 - 16)) is divided by 93?
21
Let f be 58/10 - (-48)/(-60). Suppose -6*v = f*v - 693. Suppose -8*a + v = -633. What is the remainder when a is divided by 18?
15
Suppose 130*g = 193*g - 5292. Calculate the remainder when 261 is divided by g.
9
Suppose 2*a - c + 21 = 10, a + 3*c - 12 = 0. Calculate the remainder when (a - -1) + 9/((-9)/(-80)) is divided by 41.
37
Let q be 40*1 + (-1)/(-1). Suppose 140*f - 3195 = 62*f - 135*f. Calculate the remainder when 2 + q*2/2 is divided by f.
13
Let p(q) = -8*q - 3. Let u be (-3)/(-3)*-2*1. What is the remainder when 1 - 14 - ((-380)/6)/((-1385)/(-1662)) is divided by p(u)?
11
Let i = 26 - -4. Suppose 14 - i = -4*r. Calculate the remainder when 11 is divided by r.
3
Suppose -19 = 6*b - 457. What is the remainder when b is divided by 55?
18
Let p(u) = -2*u**2 + 52*u - 34. Let v = -16 + 41. Let t be p(v). Suppose -11*k - t = -115. What is the remainder when 26 is divided by k?
8
Let x be (1/(3/7))/((-3)/9). Let c(m) = m**3 + 6*m**2 - 9*m - 10. Let u be c(x). Suppose 0 = -u*l + l + 102. What is the remainder when l is divided by 21?
13
Let m(t) = t**3 + 21*t**2 - 2*t - 29. What is the remainder when 1921 is divided by m(-21)?
10
Suppose 2*s - 140 = -3*r, 5*s - 2*s = -4*r + 187. Let v = 48 + -52. What is the remainder when r is divided by (-7 - -3)/v*7?
4
Suppose -21*o + 18*o = 21. Calculate the remainder when o/21*51*(1 - 2) is divided by 4.
1
Let q = -285 + 310. What is the remainder when 19 is divided by 35/(-14)*(-20)/q?
1
Let i(s) = s**2 - 11*s - 370. Calculate the remainder when i(28) is divided by 100.
6
Let v(y) = -y**2 - 72*y + 65. What is the remainder when v(-61) is divided by 9?
7
Let i(d) = -17*d - 54. Suppose -382 = -11*u + 80. What is the remainder when u is divided by i(-5)?
11
Suppose -44 + 109 = m. Calculate the remainder when (-642)/(-5) - 6/15 is divided by m.
63
Suppose 5*y - 6*y + 240 = 5*c, 3*c - 5*y = 144. Let v(k) = k**3 + 53*k**2 + 44*k - 81. What is the remainder when v(-52) is divided by c?
47
Suppose 4*f = 4*i + 8, f - 2*i - 2 = -3*i. Suppose -d + 15 = -7. Calculate the remainder when d is divided by 3 - (4 + (-30)/f).
8
Let k(n) be the first derivative of 2*n**4 - n**3/2 - 20*n + 29. Let w(v) be the first derivative of k(v). Calculate the remainder when 80 is divided by w(1).
17
Suppose 0 = -5*a - q + 14 + 56, -5*q - 40 = -a. Calculate the remainder when 619 is divided by a.
4
Let b = 4509 - 3742. What is the remainder when b is divided by 267?
233
Let a(z) = 99*z - 14. Let i be a(3). Let f = -245 + i. What is the remainder when 106 is divided by f?
30
Let m(v) = 8*v**3 + 2*v**2 + 27*v - 26. Calculate the remainder when m(7) is divided by 64.
61
Suppose 101*y - 131123 + 79834 = 227976. Calculate the remainder when y is divided by 197.
7
Suppose -2*s = 5*w + 657, -2*w - 3*s + 97 = 351. Let c = 257 + w. Calculate the remainder when c is divided by 63.
61
Let b(a) = -a**3 + 13*a**2 - 33*a + 4. Let x(i) = -i**3 + 14*i**2 - 31*i + 5. Let g(v) = -2*b(v) + 3*x(v). Calculate the remainder when 33 is divided by g(14).
12
Suppose -676*g = -1023*g + 104447. What is the remainder when g is divided by 8?
5
Let n = 317 - 606. Calculate the remainder when 75 is divided by n/(-7) - (-8)/(-28).
34
Suppose -1404 = -48*i + 1736 + 556. What is the remainder when 151 is divided by i?
74
Calculate the remainder when (-2)/13 - 31800/(-520) is divided by 9.
7
Let w = -41 - -148. Let v = -21 + w. Suppose 180 = 2*n + 4*n. Calculate the remainder when v is divided by n.
26
Let q = -25 - -48. Let r = -89 - -96. Suppose 5 = -6*k + r*k, -k = -a + 53. What is the remainder when a is divided by q?
12
Suppose -q + 615 = 5*i - 0*i, -4*i + 5*q + 492 = 0. Let z(x) = x**2 + 246*x + 14618. Calculate the remainder when i is divided by z(-146).
15
Let m be 80/35 + 2/(-7). Calculate the remainder when ((-603)/(-3))/(m + -1) is divided by (34650/48)/21 - (-6)/(-16).
31
Suppose -2*i + 3*i - 75 = 0. What is the remainder when i is divided by (18/12 + (-15)/6)*(-17 + -24)?
34
Let i(j) = -j**3 - 16*j**2 - 23*j + 70. Let f be i(-14). Suppose 4*h = -f*h + 644. What is the remainder when h is divided by 6?
5
Let c be 3 + 2008/28 - 4/(-14). Let x = -58 + c. Calculate the remainder when 65 is divided by x.
14
Let g(a) = 425*a + 315. Calculate the remainder when g(1) is divided by 734.
6
Let f be (-4)/9 - (52/9)/(-13). Suppose -350 = -6*t + t. Suppose f = -5*p + v + t, -v - 2*v = 3*p - 42. Calculate the remainder when 26 is divided by p.
12
Suppose -37*p = -4662 - 1036. What is the remainder when p is divided by 26?
24
Calculate the remainder when (-1088)/(-12) + (-4)/6 - -1 is divided by (9 - 19)/2 + 41.
19
Let m = 228 + 180. Suppose -2*s - 3*s + 480 = u, 4*s = 4*u + m. Calculate the remainder when s is divided by 50.
47
Let y(t) be the third derivative of 0*t - 1/24*t**4 + 8/3*t**3 + 0 - 13*t**2. What is the remainder when 73 is divided by y(-3)?
16
Let i(v) = -53*v + 741. Let h(q) = -13*q + 185. Let o(j) = 9*h(j) - 2*i(j). Calculate the remainder when 302 is divided by o(15).
14
Let c(n) = -522*n - 10. Let u be c(2). Let o = -20 + 42. What is the remainder when ((u/(-6))/(-17))/(2/(-12)) is divided by o?
18
What is the remainder when 80/(-600) + (-21377)/(-15) is divided by 42?
39
Let j(l) = -10 + 52*l**2 + 51*l**2 + 18*l - l**3 - 107*l**2. Calculate the remainder when 42 is divided by j(-7).
9
Suppose x = -631 + 633, 114 = 4*k + 5*x. What is the remainder when 3742 is divided by k?
24
Suppose -2*m - 24 = -4*m. Suppose -5*h + 4 = 2*t, -2*t + 12*h = 15*h - 8. What is the remainder when m is divided by (t/(-3))/(55/15 + -4)?
5
Suppose 0 = -10*a + 199 + 161. Let w = 148 + -11. What is the remainder when w is divided by a?
29
Let l = 13 + 27. What is the remainder when l is divided by -6 + 0 - (-95 + 65)?
16
Let h = 28 - -11. Suppose h*q - 36*q = 27. Let x(i) = -6*i - 13. Calculate the remainder when x(-4) is divided by q.
2
Suppose 23 = g + 18. Suppose 3*b - g*x = 8, 3*b + x + 1 = 39. What is the remainder when 164 is divided by b?
10
Let i be 6/4*24/9. Suppose 0 = i*m - 16 - 12. Suppose -m*a = -9*a + 72. What is the remainder when a is divided by 13?
10
Let k(b) = -91*b**2 + 44*b**2 + 8 + 20*b + 48*b**2. Let g be k(-11). Let m = g + 137. What is the remainder when m is divided by 16?
14
Suppose -14*s - 190728 + 53640 = 0. What is the remainder when s/(-256) + (-1)/4 is divided by 4*10/(-4)*-1?
8
Suppose -86*k - 534 = -89*k. Calculate the remainder when 548 is divided by k.
14
Suppose -24*k - 37*k = -76*k + 9075. What is the remainder when k is divided by 88?
77
Let w = -550 + 554. Suppose x = -5*r + 52, 3*x + r = -w*r + 176. What is the remainder when x is divided by 37?
25
Let s(h) = 1. Let k(d) = -219*d**3 + d**2 - 2*d - 1. Let z(p) = 2*k(p) - 2*s(p). Calculate the remainder when z(-1) is divided by 17.
15
Let f = -51445 - -51459. What is the remainder when 24*(-2)/(-3)*1 is divided by f?
2
Calculate the remainder when 947 is divided by (-15)/((-15)/239) - (2 + 1).
3
Suppose 46 = -6*t + 112. What is the remainder when 9 - 4*(1 - 2) is divided by t?
2
Calculate the remainder when ((-86)/4)/(4/8)*(38 + -39) is divided by 9.
7
Suppose 28*y + 432 = 36*y. What is the remainder when 215 is divided by y?
53
Suppose 3*s = i + 5129, -5*s - 5*i = 7038 - 15553. What is the remainder when s is divided by 107?
103
Let v = 35521 + -35469. Calculate the remainder when 24958 is divided by v.
50
Suppose 15*m - 12761 = -19*m + 84887. What is the remainder when m is divided by 21?
16
Suppose -8*p = -9*p - 3*w + 986, 15 = -3*w. What is the remainder when p is divided by 124?
9
Let s(o) = -3*o**2 - 367*o - 6173. Let p(n) = -n**2 - 9*n - 3. Calculate the remainder when s(-102) is divided by p(-6).
4
Suppose -36 = -4*o + 4*t, 6*t - 7*t = -5*o + 45. Suppose 2*z = 4*z. Suppose 5*p - 27 - 53 = z. Calculate the remainder when p is divided by o.
7
Let n(g) = -1433*g**3 + 2*g**2 - 3*g - 3. What is the remainder when n(-1) is divided by 90?
85
Suppose 0 = 86*y - 538 - 666. Calculate the remainder when 259 is divided by y.
7
Let k(d) = d**2 - 23*d - 4. Let y(h) = -h**2 + 23*h + 3. Let o(r) = 3*k(r) + 4*y(r). Let g = 29 + 2. Calculate the remainder when o(5) is divided by g.
28
Let 